 by c.
15
Suppose -3*m = l - 5 - 11, 5*m + 160 = 5*l. Calculate the remainder when 99 is divided by l.
15
Suppose -3*d - 489 = -5*q, -3*d - 203 + 11 = -2*q. What is the remainder when 296 is divided by q?
98
Suppose 43*a - 38*a - 145 = 0. Suppose 0 = -8*i + 5*i + 48. Calculate the remainder when a is divided by i.
13
Suppose 5*x + 5*r - 275 = 0, -4*r + 106 = 2*x - 3*r. Calculate the remainder when x is divided by 19.
13
Suppose 13*c = 8*c + h + 515, -3*c - 5*h = -309. What is the remainder when c is divided by 32?
7
Let m(o) = 5*o + 30. Let u be m(-5). Suppose 0 = -u*v + 10*v - 90. Calculate the remainder when -4*14/(-4)*5 is divided by v.
16
Suppose 3*l - 151 = 3*z - 2*z, 4*l = 2*z + 200. Suppose 153 = 3*w + l. Calculate the remainder when w is divided by 9.
7
Let w(s) = 6 + 3 - 3 + s**2 + s. Let x(u) = 43*u + 15. What is the remainder when x(2) is divided by w(-5)?
23
Suppose -u + 137 = -2*u + 4*r, 0 = 4*u - 4*r + 584. Let o = 165 + u. What is the remainder when 61 is divided by o?
13
Let p = 314 + -268. Calculate the remainder when 133 is divided by p.
41
Let w = -229 - -296. Calculate the remainder when w is divided by 11.
1
Suppose 10*p + 6*p - 560 = 0. What is the remainder when p is divided by 6?
5
Suppose 3 = 20*m - 19*m. Suppose m*t = 2*t + 26. Calculate the remainder when t is divided by 4.
2
Let l(y) = 13*y - 188. Calculate the remainder when l(23) is divided by 29.
24
Let y(j) = 4*j**3 + 6*j**2 - 2*j - 17. Calculate the remainder when y(4) is divided by 8.
7
Suppose 5*l + o + 1471 = 4397, -2*o = 8. What is the remainder when l is divided by 31?
28
Calculate the remainder when 37 is divided by ((-20)/1)/(48/(-60)).
12
Let s(a) = -21*a + 12. Let n be s(-8). Suppose 0 = 176*m - n*m + 80. What is the remainder when 54 is divided by m?
14
Suppose t - 2*p - 412 = -t, -3*p - 214 = -t. Calculate the remainder when t is divided by 41.
38
Let p = -102 + 157. Suppose 2*u + x + 415 = -3*u, 257 = -3*u + x. What is the remainder when p is divided by (u/(-16))/(15/40)?
13
Suppose 0 = -4*p + 21 + 79. Let c be -2 + -42*1 - 1. Calculate the remainder when p is divided by (c/10)/(1/(-2)).
7
Let v = -339 - -452. Calculate the remainder when v is divided by 43.
27
Suppose 225 = 55*v - 46*v. Calculate the remainder when 69 is divided by v.
19
Let j be (-8)/(-12)*(-27)/(-2). Suppose 4*b - j = 11. Suppose -3*i = -b*i + 62. What is the remainder when i is divided by 17?
14
Let p(l) = l**3 - 12*l**2 + 9*l - 15. Let q be p(11). Let z = q + 48. What is the remainder when z is divided by 6?
5
Let t(p) = -14*p + 24. Let s be t(-10). What is the remainder when (-20)/60 - s/(-6) is divided by 10?
7
Suppose 4*k - 13*o + 9*o - 784 = 0, 3*o = 4*k - 781. Let z = -13 + 62. What is the remainder when k is divided by z?
46
Let s(g) = 55*g + 738. Calculate the remainder when 158 is divided by s(-13).
20
Let q = 87 + -13. Calculate the remainder when 295 is divided by q.
73
Let i(f) = -f**3 + 5*f**2 + 17*f + 7. Calculate the remainder when i(7) is divided by 12.
4
Let l(v) = 30*v + 140. What is the remainder when 497 is divided by l(-3)?
47
Calculate the remainder when ((-4)/14 + (-36)/(-28))*241 is divided by 41.
36
Suppose 5*c - 270 = 5*p + 295, 2*c - p - 225 = 0. Let h = c - 97. Calculate the remainder when 24 is divided by h.
9
Let a(b) = 10*b - 37. Let d = -93 + 99. What is the remainder when 88 is divided by a(d)?
19
Let m be -1 + (0 - 2) - (-28 - -15). Suppose -m*p + 207 = -p. What is the remainder when 90 is divided by p?
21
Let y(t) = -4*t**3 - 3*t - 7. Suppose 6*m - 14*m = 24. Calculate the remainder when y(m) is divided by 14.
12
Suppose -47*y - 727 = -3*f - 43*y, 4*f + 4*y = 932. What is the remainder when f is divided by 20?
17
Calculate the remainder when 88 is divided by 82/574 - 90/(-7).
10
Let w be -4*-191*(3 + 33/(-12)). Let k = 17 + w. Calculate the remainder when k is divided by 21.
19
Suppose -77*g + 3*k = -82*g + 115, 0 = -g - k + 21. Let z = 203 - 51. What is the remainder when z is divided by g?
22
Suppose 94*m - 91*m - 372 = -3*h, 4*h - 20 = 0. What is the remainder when m is divided by 47?
25
Let z = 7298 - 7287. Let d = 165 + -91. What is the remainder when d is divided by z?
8
Let n(m) = -m**3 + 5*m**2 + 37*m - 4. What is the remainder when (-7)/((-35)/(-10)) - -15 is divided by n(9)?
3
Suppose 0*m = -2*m - 2. Let v be 186/12 + m/(-2). What is the remainder when ((-17)/(-2))/(v/64) is divided by 6?
4
Let n(x) = -x**3 - 3*x**2 - 4*x - 2. Let i be ((-15)/20)/((-3)/(-12)). Calculate the remainder when 58 is divided by n(i).
8
Suppose -4*y + 8 = 4, -132 = -5*l - 2*y. Calculate the remainder when l is divided by 25.
1
Let q = -4 + 9. Suppose j + q*j = 30. What is the remainder when 24 is divided by j?
4
What is the remainder when (-12)/126 - (2 - 10546/42) is divided by 18?
15
Let j(h) = 3*h**2 + 3*h + 3. Let t be j(-4). Let z = -35 + t. Calculate the remainder when 18 is divided by z.
2
Suppose 5*u + 8*j = 10*j + 35, 2*j = -4*u + 46. What is the remainder when 296 is divided by u?
8
Let o(f) = -3*f**3 + 18*f**2 - 11*f - 1. Calculate the remainder when 151 is divided by o(5).
18
Let j(t) = -t**3 + 15*t**2 - 13*t + 9. What is the remainder when 89 is divided by j(14)?
20
Let w(u) = 6*u - 2. Let f(l) = 3 - 5*l - 3 + 1. Let k(n) = -5*f(n) - 4*w(n). Calculate the remainder when k(7) is divided by 3.
1
Let p = 669 + -606. Calculate the remainder when p is divided by 5.
3
Let a = 148 + -31. Let c(n) = -16*n + 88. Calculate the remainder when a is divided by c(3).
37
Let c be (2 + 6)/(0 + 2). Let f = c - -2. Suppose 0 = -2*n - 2*d + 46, 3*n + 3*d - 90 = -n. What is the remainder when n is divided by f?
3
Let m be 3 + (0 - -2)/1. Suppose -m*f = -0*f - 45. Let t = -26 + 42. What is the remainder when t is divided by f?
7
Suppose -4308 = -9*s - 1464. Calculate the remainder when s is divided by 29.
26
Let u(j) = j**3 - 18*j**2 + 18*j - 13. Let i(d) = d**2 + d + 7. What is the remainder when i(-4) is divided by u(17)?
3
Let y(d) = 2*d + 4. Suppose 30 = 4*l + w, -3*l - 2*w = -0*w - 20. Suppose -32 - 34 = -6*k. Calculate the remainder when y(l) is divided by k.
9
Let u = -737 - -747. What is the remainder when 53 is divided by u?
3
Let b(m) = -2*m + 11. Let r(s) = -3*s + 11. Let i(a) = -5*b(a) + 4*r(a). Calculate the remainder when ((-40)/(-6))/((-10)/(-75)) is divided by i(-14).
16
Let j(y) = 3*y + 3*y - 4*y - 11 + 0*y. Let d be j(8). Suppose d*r + 0*o = -3*o + 191, -5*r + 181 = -2*o. Calculate the remainder when r is divided by 13.
11
Let z(t) = t**2 - 14*t + 6. Let k(w) = w**2 + 6*w - 25. Let y be k(4). Suppose 296 + 9 = 5*b. What is the remainder when b is divided by z(y)?
19
Suppose 10*h - 356 = -56. Calculate the remainder when 73 is divided by h.
13
Let q be (-4 - (1 + -1))*7. Let i = q + 30. What is the remainder when 35 is divided by i/(((-30)/27)/(-5))?
8
Let t = -11 + 16. Suppose -b + 38 = 2*b + k, 0 = 4*b + t*k - 47. Calculate the remainder when 75 is divided by b.
10
Suppose -3*s + 83 = -s - 5*p, -s + p + 34 = 0. What is the remainder when 161 is divided by s?
16
Let o be 48/(-80) + (-46)/(-10). Suppose -334 = -o*r - 3*k, -r + 133 = 5*k + 41. Calculate the remainder when r is divided by 14.
12
Let p(r) = 2*r**3 - 6*r**2 + 5*r. What is the remainder when 620 is divided by p(4)?
48
Let i = 994 + -905. What is the remainder when i is divided by 25?
14
Suppose 5*k - 4 = -2*j + 4, 4*j = -4*k + 40. Let d(y) = -2*y**3 + 3*y**2 - 12. What is the remainder when d(-3) is divided by j?
13
Let l(w) = -17*w + 403. What is the remainder when l(0) is divided by 51?
46
Let y(t) = -t**3 + 7*t**2 + 22*t - 26. Suppose -a + h + 24 = 0, -a + 4*h + 67 = 2*a. Calculate the remainder when a is divided by y(9).
9
Suppose -2*o + 2 = -2*a + 8, a = 3*o + 1. Let l = 8 - a. Suppose -15 = -2*y + 13. What is the remainder when y is divided by l?
2
Suppose 5 = 5*o, -8*g + 3*g = o - 161. Suppose -36 + 30 = 2*l. Calculate the remainder when g is divided by l/(-2)*(6 - (-6)/3).
8
Suppose -5*v = -2*v - 1041. Suppose 107 - v = 5*u. Let s = u - -83. What is the remainder when s is divided by 19?
16
Let a(d) = 22*d**2 + 2*d - 26. Let i be a(-5). Suppose 8*l - 214 = i. Calculate the remainder when l is divided by 19.
15
Let o be (-16)/(-1) + 10 + -14. Let w(s) = s**3 - 11*s**2 - 10*s 